{"id":2520,"date":"2024-02-09T09:47:33","date_gmt":"2024-02-09T08:47:33","guid":{"rendered":"https:\/\/www.yates-mallorca-charter.de\/pie-de-imprenta\/"},"modified":"2026-01-16T07:52:11","modified_gmt":"2026-01-16T06:52:11","slug":"pie-de-imprenta","status":"publish","type":"page","link":"https:\/\/www.yates-mallorca-charter.de\/es\/pie-de-imprenta\/","title":{"rendered":"Pie de imprenta"},"content":{"rendered":"\t\t<div data-elementor-type=\"wp-page\" data-elementor-id=\"2520\" class=\"elementor elementor-2520 elementor-194\" data-elementor-post-type=\"page\">\n\t\t\t\t\t\t<section class=\"elementor-section elementor-top-section elementor-element elementor-element-6e52f3e elementor-section-boxed elementor-section-height-default elementor-section-height-default\" data-id=\"6e52f3e\" data-element_type=\"section\" data-e-type=\"section\" data-settings=\"{&quot;background_background&quot;:&quot;classic&quot;}\">\n\t\t\t\t\t\t<div class=\"elementor-container elementor-column-gap-default\">\n\t\t\t\t\t<div class=\"elementor-column elementor-col-100 elementor-top-column elementor-element elementor-element-c054b47\" data-id=\"c054b47\" data-element_type=\"column\" data-e-type=\"column\">\n\t\t\t<div class=\"elementor-widget-wrap elementor-element-populated\">\n\t\t\t\t\t\t<div class=\"elementor-element elementor-element-134b7c7 elementor-widget elementor-widget-heading\" data-id=\"134b7c7\" data-element_type=\"widget\" data-e-type=\"widget\" data-widget_type=\"heading.default\">\n\t\t\t\t<div class=\"elementor-widget-container\">\n\t\t\t\t\t<h1 class=\"elementor-heading-title elementor-size-default\">Pie de imprenta<\/h1>\t\t\t\t<\/div>\n\t\t\t\t<\/div>\n\t\t\t\t\t<\/div>\n\t\t<\/div>\n\t\t\t\t\t<\/div>\n\t\t<\/section>\n\t\t\t\t<section class=\"elementor-section elementor-top-section elementor-element elementor-element-b34f7e0 elementor-section-boxed elementor-section-height-default elementor-section-height-default\" data-id=\"b34f7e0\" data-element_type=\"section\" data-e-type=\"section\">\n\t\t\t\t\t\t<div class=\"elementor-container elementor-column-gap-default\">\n\t\t\t\t\t<div class=\"elementor-column elementor-col-50 elementor-top-column elementor-element elementor-element-c777a78\" data-id=\"c777a78\" data-element_type=\"column\" data-e-type=\"column\">\n\t\t\t<div class=\"elementor-widget-wrap elementor-element-populated\">\n\t\t\t\t\t\t<div class=\"elementor-element elementor-element-0811b28 elementor-widget elementor-widget-text-editor\" data-id=\"0811b28\" data-element_type=\"widget\" data-e-type=\"widget\" data-widget_type=\"text-editor.default\">\n\t\t\t\t<div class=\"elementor-widget-container\">\n\t\t\t\t\t\t\t\t\t<p><strong>ME Yachting GmbH &amp; Co KG<\/strong><br \/>Am Kreuzberg 3<br \/>1er piso tienda 5<br \/>40489 D\u00fcsseldorf<\/p><p>Tel: +49 211 158 074 62<br \/>Fax: +49 211 158 074 63<br \/><br \/><\/p><p>Juzgado de primera instancia de D\u00fcsseldorf HRA 25580<\/p><p><span style=\"font-family: Arial;\">Accionista personalmente responsable: M.E. Yachting GmbH, D\u00fcsseldorf (Juzgado de Primera Instancia de D\u00fcsseldorf HRB 80210)<\/span><\/p><p>IVA <strong>ID:<\/strong> DE326725143<\/p><p><strong>Organizador:<\/strong><br \/>Yates Mallorca Charter<br \/>Marina La Lonja<br \/>E-07015 Mallorca<br \/>Tel: (0034) 971 707397<br \/>Fax: (0034) 971 707366<br \/>Correo electr\u00f3nico charter@yates-mallorca.com<\/p>\t\t\t\t\t\t\t\t<\/div>\n\t\t\t\t<\/div>\n\t\t\t\t\t<\/div>\n\t\t<\/div>\n\t\t\t\t<div class=\"elementor-column elementor-col-50 elementor-top-column elementor-element elementor-element-835c9e5\" data-id=\"835c9e5\" data-element_type=\"column\" data-e-type=\"column\">\n\t\t\t<div class=\"elementor-widget-wrap elementor-element-populated\">\n\t\t\t\t\t\t<div class=\"elementor-element elementor-element-b5235fb elementor-widget elementor-widget-image\" data-id=\"b5235fb\" data-element_type=\"widget\" data-e-type=\"widget\" data-widget_type=\"image.default\">\n\t\t\t\t<div class=\"elementor-widget-container\">\n\t\t\t\t\t\t\t\t\t\t\t\t\t\t\t<img loading=\"lazy\" decoding=\"async\" width=\"768\" height=\"384\" src=\"https:\/\/www.yates-mallorca-charter.de\/wp-content\/uploads\/2024\/03\/yates-mallorca-boat-broker-office-001-768x384.jpg\" class=\"attachment-medium_large size-medium_large wp-image-1852\" alt=\"Vista de 360 grados de un edificio en una ciudad.\" srcset=\"https:\/\/www.yates-mallorca-charter.de\/wp-content\/uploads\/2024\/03\/yates-mallorca-boat-broker-office-001-768x384.jpg 768w, https:\/\/www.yates-mallorca-charter.de\/wp-content\/uploads\/2024\/03\/yates-mallorca-boat-broker-office-001-300x150.jpg 300w, https:\/\/www.yates-mallorca-charter.de\/wp-content\/uploads\/2024\/03\/yates-mallorca-boat-broker-office-001-1024x512.jpg 1024w, https:\/\/www.yates-mallorca-charter.de\/wp-content\/uploads\/2024\/03\/yates-mallorca-boat-broker-office-001-1536x768.jpg 1536w, https:\/\/www.yates-mallorca-charter.de\/wp-content\/uploads\/2024\/03\/yates-mallorca-boat-broker-office-001.jpg 1638w\" sizes=\"auto, (max-width: 768px) 100vw, 768px\"  title=\"Pie de imprenta\" \/>\t\t\t\t\t\t\t\t\t\t\t\t\t\t\t<\/div>\n\t\t\t\t<\/div>\n\t\t\t\t\t<\/div>\n\t\t<\/div>\n\t\t\t\t\t<\/div>\n\t\t<\/section>\n\t\t\t\t<\/div>\n\t\t","protected":false},"excerpt":{"rendered":"<p>ME Yachting GmbH &amp; Co KGAm Kreuzberg 31er piso tienda 540489 D\u00fcsseldorf Tel: +49 211 158 074 62Fax: +49 211 158 074 63 Juzgado de primera instancia de D\u00fcsseldorf HRA 25580 Accionista personalmente responsable: M.E. Yachting GmbH, D\u00fcsseldorf (Juzgado de Primera Instancia de D\u00fcsseldorf HRB 80210) IVA ID: DE326725143 Organizador:Yates Mallorca CharterMarina La LonjaE-07015 MallorcaTel: [&hellip;]<\/p>\n","protected":false},"author":1,"featured_media":0,"parent":0,"menu_order":0,"comment_status":"closed","ping_status":"closed","template":"","meta":{"footnotes":""},"class_list":["post-2520","page","type-page","status-publish","hentry"],"_links":{"self":[{"href":"https:\/\/www.yates-mallorca-charter.de\/es\/wp-json\/wp\/v2\/pages\/2520","targetHints":{"allow":["GET"]}}],"collection":[{"href":"https:\/\/www.yates-mallorca-charter.de\/es\/wp-json\/wp\/v2\/pages"}],"about":[{"href":"https:\/\/www.yates-mallorca-charter.de\/es\/wp-json\/wp\/v2\/types\/page"}],"author":[{"embeddable":true,"href":"https:\/\/www.yates-mallorca-charter.de\/es\/wp-json\/wp\/v2\/users\/1"}],"replies":[{"embeddable":true,"href":"https:\/\/www.yates-mallorca-charter.de\/es\/wp-json\/wp\/v2\/comments?post=2520"}],"version-history":[{"count":5,"href":"https:\/\/www.yates-mallorca-charter.de\/es\/wp-json\/wp\/v2\/pages\/2520\/revisions"}],"predecessor-version":[{"id":6487,"href":"https:\/\/www.yates-mallorca-charter.de\/es\/wp-json\/wp\/v2\/pages\/2520\/revisions\/6487"}],"wp:attachment":[{"href":"https:\/\/www.yates-mallorca-charter.de\/es\/wp-json\/wp\/v2\/media?parent=2520"}],"curies":[{"name":"wp","href":"https:\/\/api.w.org\/{rel}","templated":true}]}}

<div data-elementor-type="wp-page" data-elementor-id="2520" class="elementor elementor-2520 elementor-194" data-elementor-post-type="page">
						<section class="elementor-section elementor-top-section elementor-element elementor-element-6e52f3e elementor-section-boxed elementor-section-height-default elementor-section-height-default" data-id="6e52f3e" data-element_type="section" data-e-type="section" data-settings="{&quot;background_background&quot;:&quot;classic&quot;}">
						<div class="elementor-container elementor-column-gap-default">
					<div class="elementor-column elementor-col-100 elementor-top-column elementor-element elementor-element-c054b47" data-id="c054b47" data-element_type="column" data-e-type="column">
			<div class="elementor-widget-wrap elementor-element-populated">
						<div class="elementor-element elementor-element-134b7c7 elementor-widget elementor-widget-heading" data-id="134b7c7" data-element_type="widget" data-e-type="widget" data-widget_type="heading.default">
				<div class="elementor-widget-container">
					<h1 class="elementor-heading-title elementor-size-default">Pie de imprenta</h1>				</div>
				</div>
					</div>
		</div>
					</div>
		</section>
				<section class="elementor-section elementor-top-section elementor-element elementor-element-b34f7e0 elementor-section-boxed elementor-section-height-default elementor-section-height-default" data-id="b34f7e0" data-element_type="section" data-e-type="section">
						<div class="elementor-container elementor-column-gap-default">
					<div class="elementor-column elementor-col-50 elementor-top-column elementor-element elementor-element-c777a78" data-id="c777a78" data-element_type="column" data-e-type="column">
			<div class="elementor-widget-wrap elementor-element-populated">
						<div class="elementor-element elementor-element-0811b28 elementor-widget elementor-widget-text-editor" data-id="0811b28" data-element_type="widget" data-e-type="widget" data-widget_type="text-editor.default">
				<div class="elementor-widget-container">
									<p><strong>ME Yachting GmbH &amp; Co KG</strong><br />Am Kreuzberg 3<br />1er piso tienda 5<br />40489 Düsseldorf</p><p>Tel: +49 211 158 074 62<br />Fax: +49 211 158 074 63<br /><br /></p><p>Juzgado de primera instancia de Düsseldorf HRA 25580</p><p><span style="font-family: Arial;">Accionista personalmente responsable: M.E. Yachting GmbH, Düsseldorf (Juzgado de Primera Instancia de Düsseldorf HRB 80210)</span></p><p>IVA <strong>ID:</strong> DE326725143</p><p><strong>Organizador:</strong><br />Yates Mallorca Charter<br />Marina La Lonja<br />E-07015 Mallorca<br />Tel: (0034) 971 707397<br />Fax: (0034) 971 707366<br />Correo electrónico charter@yates-mallorca.com</p>								</div>
				</div>
					</div>
		</div>
				<div class="elementor-column elementor-col-50 elementor-top-column elementor-element elementor-element-835c9e5" data-id="835c9e5" data-element_type="column" data-e-type="column">
			<div class="elementor-widget-wrap elementor-element-populated">
						<div class="elementor-element elementor-element-b5235fb elementor-widget elementor-widget-image" data-id="b5235fb" data-element_type="widget" data-e-type="widget" data-widget_type="image.default">
				<div class="elementor-widget-container">
															<img loading="lazy" decoding="async" width="768" height="384" src="https://www.yates-mallorca-charter.de/wp-content/uploads/2024/03/yates-mallorca-boat-broker-office-001-768x384.jpg" class="attachment-medium_large size-medium_large wp-image-1852" alt="Vista de 360 grados de un edificio en una ciudad." srcset="https://www.yates-mallorca-charter.de/wp-content/uploads/2024/03/yates-mallorca-boat-broker-office-001-768x384.jpg 768w, https://www.yates-mallorca-charter.de/wp-content/uploads/2024/03/yates-mallorca-boat-broker-office-001-300x150.jpg 300w, https://www.yates-mallorca-charter.de/wp-content/uploads/2024/03/yates-mallorca-boat-broker-office-001-1024x512.jpg 1024w, https://www.yates-mallorca-charter.de/wp-content/uploads/2024/03/yates-mallorca-boat-broker-office-001-1536x768.jpg 1536w, https://www.yates-mallorca-charter.de/wp-content/uploads/2024/03/yates-mallorca-boat-broker-office-001.jpg 1638w" sizes="auto, (max-width: 768px) 100vw, 768px"  title="Pie de imprenta" />															</div>
				</div>
					</div>
		</div>
					</div>
		</section>
				</div>

<p>ME Yachting GmbH &amp; Co KGAm Kreuzberg 31er piso tienda 540489 Düsseldorf Tel: +49 211 158 074 62Fax: +49 211 158 074 63 Juzgado de primera instancia de Düsseldorf HRA 25580 Accionista personalmente responsable: M.E. Yachting GmbH, Düsseldorf (Juzgado de Primera Instancia de Düsseldorf HRB 80210) IVA ID: DE326725143 Organizador:Yates Mallorca CharterMarina La LonjaE-07015 MallorcaTel: [&hellip;]</p>
